{"id":1616,"date":"2025-07-30T17:45:39","date_gmt":"2025-07-30T15:45:39","guid":{"rendered":"https:\/\/kathleenleroy.eu\/?post_type=product&#038;p=1616"},"modified":"2025-12-05T16:57:00","modified_gmt":"2025-12-05T15:57:00","slug":"cours-de-terre-melee","status":"publish","type":"product","link":"https:\/\/kathleenleroy.eu\/index.php\/product\/cours-de-terre-melee\/","title":{"rendered":"Cours de Terre M\u00eal\u00e9e"},"content":{"rendered":"<p>Initiez-vous \u00e0 la magie des terres m\u00eal\u00e9es : en jouant avec diff\u00e9rentes argiles, vous cr\u00e9erez des effets marbr\u00e9s et des inclusions de motifs pour fa\u00e7onner une pi\u00e8ce unique et \u00e9l\u00e9gante.<br \/>\nApr\u00e8s le s\u00e9chage, je m\u2019occupe des cuissons et de l\u2019\u00e9maillage de vos pi\u00e8ces.<\/p>\n<p>Un atelier pour explorer la mati\u00e8re et laisser parler vos mains.<\/p>\n<p>Cours de 2h30 &#8211; 65\u20ac<\/p>\n","protected":false},"excerpt":{"rendered":"<p>Initiez-vous \u00e0 la magie des terres m\u00eal\u00e9es : en jouant avec diff\u00e9rentes argiles, vous cr\u00e9erez des effets marbr\u00e9s et des inclusions de motifs pour fa\u00e7onner une pi\u00e8ce unique et \u00e9l\u00e9gante.<br \/>\nApr\u00e8s le s\u00e9chage, je m\u2019occupe des cuissons et de l\u2019\u00e9maillage de vos pi\u00e8ces.<\/p>\n<p>Un atelier pour explorer la mati\u00e8re et laisser parler vos mains.<\/p>\n<p>Cours de 2h30 &#8211; 65\u20ac<\/p>\n","protected":false},"featured_media":1186,"comment_status":"open","ping_status":"closed","template":"","meta":{"_uag_custom_page_level_css":""},"product_brand":[],"product_cat":[35],"product_tag":[],"class_list":{"0":"post-1616","1":"product","2":"type-product","3":"status-publish","4":"has-post-thumbnail","6":"product_cat-cours","8":"first","9":"instock","10":"shipping-taxable","11":"purchasable","12":"product-type-variable"},"uagb_featured_image_src":{"full":["https:\/\/kathleenleroy.eu\/wp-content\/uploads\/2025\/04\/Cours-terre-melee.jpg",0,0,false],"thumbnail":["https:\/\/kathleenleroy.eu\/wp-content\/uploads\/2025\/04\/Cours-terre-melee.jpg",1,1,false],"medium":["https:\/\/kathleenleroy.eu\/wp-content\/uploads\/2025\/04\/Cours-terre-melee.jpg",1,1,false],"medium_large":["https:\/\/kathleenleroy.eu\/wp-content\/uploads\/2025\/04\/Cours-terre-melee.jpg",1,1,false],"large":["https:\/\/kathleenleroy.eu\/wp-content\/uploads\/2025\/04\/Cours-terre-melee.jpg",1,1,false],"1536x1536":["https:\/\/kathleenleroy.eu\/wp-content\/uploads\/2025\/04\/Cours-terre-melee.jpg",1,1,false],"2048x2048":["https:\/\/kathleenleroy.eu\/wp-content\/uploads\/2025\/04\/Cours-terre-melee.jpg",1,1,false],"mailpoet_newsletter_max":["https:\/\/kathleenleroy.eu\/wp-content\/uploads\/2025\/04\/Cours-terre-melee.jpg",1,1,false],"woocommerce_thumbnail":["https:\/\/kathleenleroy.eu\/wp-content\/uploads\/2025\/04\/Cours-terre-melee.jpg",1,1,false],"woocommerce_single":["https:\/\/kathleenleroy.eu\/wp-content\/uploads\/2025\/04\/Cours-terre-melee.jpg",1,1,false],"woocommerce_gallery_thumbnail":["https:\/\/kathleenleroy.eu\/wp-content\/uploads\/2025\/04\/Cours-terre-melee.jpg",1,1,false]},"uagb_author_info":{"display_name":"admin7184","author_link":"https:\/\/kathleenleroy.eu\/index.php\/author\/"},"uagb_comment_info":0,"uagb_excerpt":"Initiez-vous \u00e0 la magie des terres m\u00eal\u00e9es : en jouant avec diff\u00e9rentes argiles, vous cr\u00e9erez des effets marbr\u00e9s et des inclusions de motifs pour fa\u00e7onner une pi\u00e8ce unique et \u00e9l\u00e9gante. Apr\u00e8s le s\u00e9chage, je m\u2019occupe des cuissons et de l\u2019\u00e9maillage de vos pi\u00e8ces. Un atelier pour explorer la mati\u00e8re et laisser parler vos mains. Cours\u2026","jetpack_sharing_enabled":true,"_links":{"self":[{"href":"https:\/\/kathleenleroy.eu\/index.php\/wp-json\/wp\/v2\/product\/1616","targetHints":{"allow":["GET"]}}],"collection":[{"href":"https:\/\/kathleenleroy.eu\/index.php\/wp-json\/wp\/v2\/product"}],"about":[{"href":"https:\/\/kathleenleroy.eu\/index.php\/wp-json\/wp\/v2\/types\/product"}],"replies":[{"embeddable":true,"href":"https:\/\/kathleenleroy.eu\/index.php\/wp-json\/wp\/v2\/comments?post=1616"}],"wp:featuredmedia":[{"embeddable":true,"href":"https:\/\/kathleenleroy.eu\/index.php\/wp-json\/wp\/v2\/media\/1186"}],"wp:attachment":[{"href":"https:\/\/kathleenleroy.eu\/index.php\/wp-json\/wp\/v2\/media?parent=1616"}],"wp:term":[{"taxonomy":"product_brand","embeddable":true,"href":"https:\/\/kathleenleroy.eu\/index.php\/wp-json\/wp\/v2\/product_brand?post=1616"},{"taxonomy":"product_cat","embeddable":true,"href":"https:\/\/kathleenleroy.eu\/index.php\/wp-json\/wp\/v2\/product_cat?post=1616"},{"taxonomy":"product_tag","embeddable":true,"href":"https:\/\/kathleenleroy.eu\/index.php\/wp-json\/wp\/v2\/product_tag?post=1616"}],"curies":[{"name":"wp","href":"https:\/\/api.w.org\/{rel}","templated":true}]}}