{"id":213,"date":"2020-04-13T11:18:54","date_gmt":"2020-04-13T09:18:54","guid":{"rendered":"http:\/\/kathleenleroy.eu\/index.php\/home\/"},"modified":"2025-04-17T11:04:03","modified_gmt":"2025-04-17T09:04:03","slug":"home","status":"publish","type":"page","link":"https:\/\/kathleenleroy.eu\/","title":{"rendered":"Accueil"},"content":{"rendered":"<h2>Kathleen Leroy<\/h2>\n<h1>C\u00e9ramiste<\/h1>\n<h2><a href=\"http:\/\/kathleenleroy.eu\/index.php\/creations\/\">Applique Murale<\/a><\/h2>\n<h2><a href=\"http:\/\/kathleenleroy.eu\/index.php\/cours\/\">Bas Relief<\/a><\/h2>\n<h2><a href=\"http:\/\/kathleenleroy.eu\/index.php\/autour-de-la-table\/\">Autour <br \/>de la table<\/a><\/h2>\n<h3>\u00ab\u00a0Ses pi\u00e8ces uniques se situent \u00e0 l\u2019intersection de l\u2019art fonctionnel et du design sculptural\u00a0\u00bb.<br \/>\n<\/h3>\n<p>Kathleen Leroy, c\u00e9ramiste belge, a trouv\u00e9 dans l&rsquo;argile le m\u00e9dium fertile \u00e0 travers lequel exprimer sa cr\u00e9ativit\u00e9 sans fronti\u00e8re. Anthropologue de formation ayant travaill\u00e9 en afrique subsaharienne et au moyen orient, ses pi\u00e8ces sont marqu\u00e9es par l&rsquo;influence des architectures subsahariennes et le brutalisme<\/p>\n<p>Chaque pi\u00e8ce est dessin\u00e9e et model\u00e9e \u00e0 la main dans son atelier \u00e0 Marseille<\/p>\n<p>\t\t\t\t\t<a href=\"http:\/\/kathleenleroy.eu\/index.php\/about\/\"><br \/>\n\t\t\t\t\t\t\t\t\t\u00e0 propos<br \/>\n\t\t\t\t\t<\/a><\/p>\n<h2>Projets particuliers<\/h2>\n<p>Pour les professionnels (d\u00e9corateurs, architectes, h\u00f4tels, restaurants, etc.) ayant un projet de cr\u00e9ation sur mesure, contactez-moi.<br \/>\nChacune de mes pi\u00e8ce est fabriqu\u00e9e \u00e0 la main avec soin. Volumes, textures, courbes et couleurs portent la marque de chaque geste qui l&rsquo;a fa\u00e7onn\u00e9. La cuisson \u00e0 haute temp\u00e9rature \u00e0 1260 degr\u00e9s r\u00e9v\u00e8le les nuances et les particularit\u00e9s  de mes cr\u00e9ations, leur conf\u00e9rant une identit\u00e9 singuli\u00e8re et rendant chaque pi\u00e8ce unique.<\/p>\n<p>\t\t\t\t\t<a href=\"http:\/\/kathleenleroy.eu\/index.php\/contact\/\"><br \/>\n\t\t\t\t\t\t\t\t\tContact<br \/>\n\t\t\t\t\t<\/a><br \/>\n\t\t<div style=\"width: 640px;\" class=\"wp-video\"><video class=\"wp-video-shortcode\" id=\"video-213-1\" width=\"640\" height=\"360\" preload=\"metadata\" controls=\"controls\"><source type=\"video\/mp4\" src=\"http:\/\/kathleenleroy.eu\/wp-content\/uploads\/2024\/03\/20240318_150132-CINEMATIC.mp4?_=1\" \/><a href=\"http:\/\/kathleenleroy.eu\/wp-content\/uploads\/2024\/03\/20240318_150132-CINEMATIC.mp4\">http:\/\/kathleenleroy.eu\/wp-content\/uploads\/2024\/03\/20240318_150132-CINEMATIC.mp4<\/a><\/video><\/div><br \/>\n\t\t\t\t\t\t\t\t\t\t\t\t\t<img loading=\"lazy\" decoding=\"async\" width=\"768\" height=\"1024\" src=\"http:\/\/kathleenleroy.eu\/wp-content\/uploads\/2023\/06\/20230502_154935-768x1024.jpg\" alt=\"\" srcset=\"https:\/\/kathleenleroy.eu\/wp-content\/uploads\/2023\/06\/20230502_154935-768x1024.jpg 768w, https:\/\/kathleenleroy.eu\/wp-content\/uploads\/2023\/06\/20230502_154935-225x300.jpg 225w, https:\/\/kathleenleroy.eu\/wp-content\/uploads\/2023\/06\/20230502_154935-1152x1536.jpg 1152w, https:\/\/kathleenleroy.eu\/wp-content\/uploads\/2023\/06\/20230502_154935-1536x2048.jpg 1536w, https:\/\/kathleenleroy.eu\/wp-content\/uploads\/2023\/06\/20230502_154935-scaled.jpg 1920w\" sizes=\"auto, (max-width: 768px) 100vw, 768px\" \/><br \/>\n\t\t\t\t\t\t\t\t\t\t\t\t\t<img loading=\"lazy\" decoding=\"async\" width=\"768\" height=\"1024\" src=\"http:\/\/kathleenleroy.eu\/wp-content\/uploads\/2023\/06\/20230507_184154-1-768x1024.jpg\" alt=\"\" srcset=\"https:\/\/kathleenleroy.eu\/wp-content\/uploads\/2023\/06\/20230507_184154-1-768x1024.jpg 768w, https:\/\/kathleenleroy.eu\/wp-content\/uploads\/2023\/06\/20230507_184154-1-225x300.jpg 225w, https:\/\/kathleenleroy.eu\/wp-content\/uploads\/2023\/06\/20230507_184154-1-1152x1536.jpg 1152w, https:\/\/kathleenleroy.eu\/wp-content\/uploads\/2023\/06\/20230507_184154-1-1536x2048.jpg 1536w, https:\/\/kathleenleroy.eu\/wp-content\/uploads\/2023\/06\/20230507_184154-1-scaled.jpg 1920w\" sizes=\"auto, (max-width: 768px) 100vw, 768px\" \/><br \/>\n\t\t\t\t\t\t\t\t\t\t\t\t\t<img loading=\"lazy\" decoding=\"async\" width=\"768\" height=\"1024\" src=\"http:\/\/kathleenleroy.eu\/wp-content\/uploads\/2023\/06\/IMG-20230529-WA0005.jpg\" alt=\"\" srcset=\"https:\/\/kathleenleroy.eu\/wp-content\/uploads\/2023\/06\/IMG-20230529-WA0005.jpg 768w, https:\/\/kathleenleroy.eu\/wp-content\/uploads\/2023\/06\/IMG-20230529-WA0005-225x300.jpg 225w\" sizes=\"auto, (max-width: 768px) 100vw, 768px\" \/><\/p>\n","protected":false},"excerpt":{"rendered":"<p>Kathleen Leroy C\u00e9ramiste Applique Murale Bas Relief Autour de la table \u00ab\u00a0Ses pi\u00e8ces uniques se situent \u00e0 l\u2019intersection de l\u2019art fonctionnel et du design sculptural\u00a0\u00bb. Kathleen Leroy, c\u00e9ramiste belge, a trouv\u00e9 dans l&rsquo;argile le m\u00e9dium fertile \u00e0 travers lequel exprimer sa cr\u00e9ativit\u00e9 sans fronti\u00e8re. Anthropologue de formation ayant travaill\u00e9 en afrique subsaharienne et au moyen [&hellip;]<\/p>\n","protected":false},"author":1,"featured_media":0,"parent":0,"menu_order":0,"comment_status":"closed","ping_status":"closed","template":"","meta":{"_uag_custom_page_level_css":"","footnotes":""},"class_list":["post-213","page","type-page","status-publish","hentry"],"uagb_featured_image_src":{"full":false,"thumbnail":false,"medium":false,"medium_large":false,"large":false,"1536x1536":false,"2048x2048":false,"mailpoet_newsletter_max":false,"woocommerce_thumbnail":false,"woocommerce_single":false,"woocommerce_gallery_thumbnail":false},"uagb_author_info":{"display_name":"admin7184","author_link":"https:\/\/kathleenleroy.eu\/index.php\/author\/admin7184\/"},"uagb_comment_info":0,"uagb_excerpt":"Kathleen Leroy C\u00e9ramiste Applique Murale Bas Relief Autour de la table \u00ab\u00a0Ses pi\u00e8ces uniques se situent \u00e0 l\u2019intersection de l\u2019art fonctionnel et du design sculptural\u00a0\u00bb. Kathleen Leroy, c\u00e9ramiste belge, a trouv\u00e9 dans l&rsquo;argile le m\u00e9dium fertile \u00e0 travers lequel exprimer sa cr\u00e9ativit\u00e9 sans fronti\u00e8re. Anthropologue de formation ayant travaill\u00e9 en afrique subsaharienne et au moyen\u2026","jetpack_sharing_enabled":true,"_links":{"self":[{"href":"https:\/\/kathleenleroy.eu\/index.php\/wp-json\/wp\/v2\/pages\/213","targetHints":{"allow":["GET"]}}],"collection":[{"href":"https:\/\/kathleenleroy.eu\/index.php\/wp-json\/wp\/v2\/pages"}],"about":[{"href":"https:\/\/kathleenleroy.eu\/index.php\/wp-json\/wp\/v2\/types\/page"}],"author":[{"embeddable":true,"href":"https:\/\/kathleenleroy.eu\/index.php\/wp-json\/wp\/v2\/users\/1"}],"replies":[{"embeddable":true,"href":"https:\/\/kathleenleroy.eu\/index.php\/wp-json\/wp\/v2\/comments?post=213"}],"version-history":[{"count":167,"href":"https:\/\/kathleenleroy.eu\/index.php\/wp-json\/wp\/v2\/pages\/213\/revisions"}],"predecessor-version":[{"id":1500,"href":"https:\/\/kathleenleroy.eu\/index.php\/wp-json\/wp\/v2\/pages\/213\/revisions\/1500"}],"wp:attachment":[{"href":"https:\/\/kathleenleroy.eu\/index.php\/wp-json\/wp\/v2\/media?parent=213"}],"curies":[{"name":"wp","href":"https:\/\/api.w.org\/{rel}","templated":true}]}}